{"id":3058,"date":"2026-04-22T14:57:09","date_gmt":"2026-04-22T10:57:09","guid":{"rendered":"https:\/\/pharmaciereunion.fr\/?page_id=3058"},"modified":"2026-04-23T17:12:22","modified_gmt":"2026-04-23T13:12:22","slug":"dentiste-garde","status":"publish","type":"page","link":"https:\/\/pharmaciereunion.fr\/index.php\/dentiste-garde\/","title":{"rendered":"Garde. Dentiste de Garde"},"content":{"rendered":"\n<div class=\"wp-block-cover alignfull is-light has-custom-content-position is-position-bottom-center has-border-color\" style=\"border-color:#ffffff;border-width:11px;border-top-left-radius:25px;border-top-right-radius:25px;border-bottom-left-radius:25px;border-bottom-right-radius:25px;margin-top:0;margin-bottom:0;padding-top:109px;padding-bottom:109px;min-height:213px;aspect-ratio:unset;\"><span aria-hidden=\"true\" class=\"wp-block-cover__background has-background-dim-90 has-background-dim\" style=\"background-color:#f5f5f5\"><\/span><div class=\"wp-block-cover__inner-container has-global-padding is-layout-constrained wp-container-core-cover-is-layout-b591e6f4 wp-block-cover-is-layout-constrained\">\n<h1 class=\"wp-block-heading has-text-align-center has-text-color\" style=\"color:#272d28;font-size:clamp(25.5px, 1.594rem + ((1vw - 3.2px) * 1.989), 43px);font-style:normal;font-weight:700;line-height:1\">Dentistes de Garde<\/h1>\n\n\n\n<p class=\"has-text-align-center has-text-color\" style=\"color:#44a97f;font-size:11px;text-transform:uppercase\"><strong>Trouv&rsquo; out dentiste de garde terla !<\/strong><\/p>\n<\/div><\/div>\n\n\n\n<div class=\"wp-block-cover alignfull has-border-color has-text-color\" style=\"border-color:#ffffff;border-width:10px;border-top-left-radius:36px;border-top-right-radius:36px;border-bottom-left-radius:36px;border-bottom-right-radius:36px;color:#12418d;margin-top:var(--wp--preset--spacing--40);margin-bottom:var(--wp--preset--spacing--40);padding-top:25px;padding-bottom:25px;min-height:75px;aspect-ratio:unset;\"><span aria-hidden=\"true\" class=\"wp-block-cover__background has-background-dim-100 has-background-dim\" style=\"background-color:#128c7c\"><\/span><div class=\"wp-block-cover__inner-container has-global-padding is-layout-constrained wp-container-core-cover-is-layout-e8d988bc wp-block-cover-is-layout-constrained\">\n<div class=\"wp-block-columns is-layout-flex wp-container-core-columns-is-layout-dc29f449 wp-block-columns-is-layout-flex\" style=\"margin-top:0;margin-bottom:0\">\n<div class=\"wp-block-column is-vertically-aligned-center is-layout-flow wp-block-column-is-layout-flow\" style=\"padding-top:0px;padding-right:0;padding-bottom:0px;padding-left:0\">\n<h2 class=\"wp-block-heading has-text-align-center has-text-color has-link-color wp-elements-074e96b3ff199335c23d2357ca8ff968\" style=\"color:#ffffff;margin-right:0px;font-size:clamp(18.959px, 1.185rem + ((1vw - 3.2px) * 1.255), 30px);font-style:normal;font-weight:500;line-height:1\">Dentistes de Garde<\/h2>\n\n\n\n<p class=\"has-text-align-center has-text-color\" style=\"color:#ffffff;margin-top:28px;margin-right:0px;font-size:clamp(14.082px, 0.88rem + ((1vw - 3.2px) * 0.786), 21px);line-height:1.4\">En cas d\u2019urgence dentaire en dehors des horaires d\u2019ouverture habituels, un service de dentiste de garde peut \u00eatre sollicit\u00e9 pour prendre en charge les douleurs et soins urgents (douleur intense, infection, abc\u00e8s, traumatisme dentaire).<\/p>\n\n\n\n<p class=\"has-text-align-center has-text-color\" style=\"color:#ffffff;margin-top:28px;margin-right:0px;font-size:clamp(14.082px, 0.88rem + ((1vw - 3.2px) * 0.786), 21px);line-height:1.4\">Pour conna\u00eetre le dentiste de garde disponible et \u00eatre orient\u00e9 vers la bonne prise en charge, il est n\u00e9cessaire de contacter le service de r\u00e9gulation<strong>.<\/strong><\/p>\n\n\n\n<p class=\"has-text-align-center has-text-color\" style=\"color:#ffffff;margin-top:28px;margin-right:0px;margin-bottom:var(--wp--preset--spacing--30);font-size:clamp(14.082px, 0.88rem + ((1vw - 3.2px) * 0.786), 21px);line-height:1.4\"><strong>Pour toute urgence dentaire :<br><\/strong><\/p>\n\n\n\n<div class=\"wp-block-buttons is-content-justification-center is-layout-flex wp-container-core-buttons-is-layout-457817ba wp-block-buttons-is-layout-flex\" style=\"margin-top:0px\">\n<div class=\"wp-block-button is-style-fill\"><a class=\"wp-block-button__link has-text-color has-background has-custom-font-size wp-element-button\" href=\"tel:15\" style=\"border-top-left-radius:100px;border-top-right-radius:100px;border-bottom-left-radius:100px;border-bottom-right-radius:100px;color:#12418d;background-color:#ffffff;padding-top:17px;padding-right:48px;padding-bottom:17px;padding-left:48px;font-size:clamp(14px, 0.875rem + ((1vw - 3.2px) * 0.568), 19px);font-style:normal;font-weight:700\">Appelez le 15 ( SAMU )<\/a><\/div>\n<\/div>\n<\/div>\n<\/div>\n<\/div><\/div>\n","protected":false},"excerpt":{"rendered":"","protected":false},"author":1,"featured_media":0,"parent":0,"menu_order":0,"comment_status":"closed","ping_status":"closed","template":"","meta":{"footnotes":""},"class_list":["post-3058","page","type-page","status-publish","hentry"],"yoast_head":"<!-- This site is optimized with the Yoast SEO plugin v27.5 - https:\/\/yoast.com\/product\/yoast-seo-wordpress\/ -->\n<title>Dentiste de garde \u00e0 La R\u00e9union 974<\/title>\n<meta name=\"description\" content=\"Quel est le dentiste de garde le dimanche sur l&#039;\u00eele de La R\u00e9union (974) ? La Pharmacie de L&#039;Est vous informe\" \/>\n<meta name=\"robots\" content=\"index, follow, max-snippet:-1, max-image-preview:large, max-video-preview:-1\" \/>\n<link rel=\"canonical\" href=\"https:\/\/pharmaciereunion.fr\/index.php\/dentiste-garde\/\" \/>\n<meta property=\"og:locale\" content=\"fr_FR\" \/>\n<meta property=\"og:type\" content=\"article\" \/>\n<meta property=\"og:title\" content=\"Dentiste de garde \u00e0 La R\u00e9union 974\" \/>\n<meta property=\"og:description\" content=\"Quel est le dentiste de garde le dimanche sur l&#039;\u00eele de La R\u00e9union (974) ? La Pharmacie de L&#039;Est vous informe\" \/>\n<meta property=\"og:url\" content=\"https:\/\/pharmaciereunion.fr\/index.php\/dentiste-garde\/\" \/>\n<meta property=\"og:site_name\" content=\"Pharmacie de L&#039;Est\" \/>\n<meta property=\"article:publisher\" content=\"https:\/\/www.facebook.com\/pharmaciedelest974\" \/>\n<meta property=\"article:modified_time\" content=\"2026-04-23T13:12:22+00:00\" \/>\n<meta name=\"twitter:card\" content=\"summary_large_image\" \/>\n<meta name=\"twitter:label1\" content=\"Dur\u00e9e de lecture estim\u00e9e\" \/>\n\t<meta name=\"twitter:data1\" content=\"1 minute\" \/>\n<script type=\"application\/ld+json\" class=\"yoast-schema-graph\">{\"@context\":\"https:\\\/\\\/schema.org\",\"@graph\":[{\"@type\":\"WebPage\",\"@id\":\"https:\\\/\\\/pharmaciereunion.fr\\\/index.php\\\/dentiste-garde\\\/\",\"url\":\"https:\\\/\\\/pharmaciereunion.fr\\\/index.php\\\/dentiste-garde\\\/\",\"name\":\"Dentiste de garde \u00e0 La R\u00e9union 974\",\"isPartOf\":{\"@id\":\"https:\\\/\\\/pharmaciereunion.fr\\\/#website\"},\"datePublished\":\"2026-04-22T10:57:09+00:00\",\"dateModified\":\"2026-04-23T13:12:22+00:00\",\"description\":\"Quel est le dentiste de garde le dimanche sur l'\u00eele de La R\u00e9union (974) ? La Pharmacie de L'Est vous informe\",\"breadcrumb\":{\"@id\":\"https:\\\/\\\/pharmaciereunion.fr\\\/index.php\\\/dentiste-garde\\\/#breadcrumb\"},\"inLanguage\":\"fr-FR\",\"potentialAction\":[{\"@type\":\"ReadAction\",\"target\":[\"https:\\\/\\\/pharmaciereunion.fr\\\/index.php\\\/dentiste-garde\\\/\"]}]},{\"@type\":\"BreadcrumbList\",\"@id\":\"https:\\\/\\\/pharmaciereunion.fr\\\/index.php\\\/dentiste-garde\\\/#breadcrumb\",\"itemListElement\":[{\"@type\":\"ListItem\",\"position\":1,\"name\":\"Accueil\",\"item\":\"https:\\\/\\\/pharmaciereunion.fr\\\/\"},{\"@type\":\"ListItem\",\"position\":2,\"name\":\"Garde. Dentiste de Garde\"}]},{\"@type\":\"WebSite\",\"@id\":\"https:\\\/\\\/pharmaciereunion.fr\\\/#website\",\"url\":\"https:\\\/\\\/pharmaciereunion.fr\\\/\",\"name\":\"Pharmacie de L'Est | Saint-Beno\u00eet La R\u00e9union\",\"description\":\"Pharmacie en ligne de La Reunion\",\"publisher\":{\"@id\":\"https:\\\/\\\/pharmaciereunion.fr\\\/#organization\"},\"potentialAction\":[{\"@type\":\"SearchAction\",\"target\":{\"@type\":\"EntryPoint\",\"urlTemplate\":\"https:\\\/\\\/pharmaciereunion.fr\\\/?s={search_term_string}\"},\"query-input\":{\"@type\":\"PropertyValueSpecification\",\"valueRequired\":true,\"valueName\":\"search_term_string\"}}],\"inLanguage\":\"fr-FR\"},{\"@type\":\"Organization\",\"@id\":\"https:\\\/\\\/pharmaciereunion.fr\\\/#organization\",\"name\":\"Pharmacie de L'Est | Saint-Beno\u00eet La R\u00e9union\",\"url\":\"https:\\\/\\\/pharmaciereunion.fr\\\/\",\"logo\":{\"@type\":\"ImageObject\",\"inLanguage\":\"fr-FR\",\"@id\":\"https:\\\/\\\/pharmaciereunion.fr\\\/#\\\/schema\\\/logo\\\/image\\\/\",\"url\":\"https:\\\/\\\/pharmaciereunion.fr\\\/wp-content\\\/uploads\\\/2026\\\/04\\\/cropped-logo-page-recherche-site.png\",\"contentUrl\":\"https:\\\/\\\/pharmaciereunion.fr\\\/wp-content\\\/uploads\\\/2026\\\/04\\\/cropped-logo-page-recherche-site.png\",\"width\":512,\"height\":512,\"caption\":\"Pharmacie de L'Est | Saint-Beno\u00eet La R\u00e9union\"},\"image\":{\"@id\":\"https:\\\/\\\/pharmaciereunion.fr\\\/#\\\/schema\\\/logo\\\/image\\\/\"},\"sameAs\":[\"https:\\\/\\\/www.facebook.com\\\/pharmaciedelest974\",\"https:\\\/\\\/www.instagram.com\\\/pharmacie.delest\\\/\"]}]}<\/script>\n<!-- \/ Yoast SEO plugin. -->","yoast_head_json":{"title":"Dentiste de garde \u00e0 La R\u00e9union 974","description":"Quel est le dentiste de garde le dimanche sur l'\u00eele de La R\u00e9union (974) ? La Pharmacie de L'Est vous informe","robots":{"index":"index","follow":"follow","max-snippet":"max-snippet:-1","max-image-preview":"max-image-preview:large","max-video-preview":"max-video-preview:-1"},"canonical":"https:\/\/pharmaciereunion.fr\/index.php\/dentiste-garde\/","og_locale":"fr_FR","og_type":"article","og_title":"Dentiste de garde \u00e0 La R\u00e9union 974","og_description":"Quel est le dentiste de garde le dimanche sur l'\u00eele de La R\u00e9union (974) ? La Pharmacie de L'Est vous informe","og_url":"https:\/\/pharmaciereunion.fr\/index.php\/dentiste-garde\/","og_site_name":"Pharmacie de L&#039;Est","article_publisher":"https:\/\/www.facebook.com\/pharmaciedelest974","article_modified_time":"2026-04-23T13:12:22+00:00","twitter_card":"summary_large_image","twitter_misc":{"Dur\u00e9e de lecture estim\u00e9e":"1 minute"},"schema":{"@context":"https:\/\/schema.org","@graph":[{"@type":"WebPage","@id":"https:\/\/pharmaciereunion.fr\/index.php\/dentiste-garde\/","url":"https:\/\/pharmaciereunion.fr\/index.php\/dentiste-garde\/","name":"Dentiste de garde \u00e0 La R\u00e9union 974","isPartOf":{"@id":"https:\/\/pharmaciereunion.fr\/#website"},"datePublished":"2026-04-22T10:57:09+00:00","dateModified":"2026-04-23T13:12:22+00:00","description":"Quel est le dentiste de garde le dimanche sur l'\u00eele de La R\u00e9union (974) ? La Pharmacie de L'Est vous informe","breadcrumb":{"@id":"https:\/\/pharmaciereunion.fr\/index.php\/dentiste-garde\/#breadcrumb"},"inLanguage":"fr-FR","potentialAction":[{"@type":"ReadAction","target":["https:\/\/pharmaciereunion.fr\/index.php\/dentiste-garde\/"]}]},{"@type":"BreadcrumbList","@id":"https:\/\/pharmaciereunion.fr\/index.php\/dentiste-garde\/#breadcrumb","itemListElement":[{"@type":"ListItem","position":1,"name":"Accueil","item":"https:\/\/pharmaciereunion.fr\/"},{"@type":"ListItem","position":2,"name":"Garde. Dentiste de Garde"}]},{"@type":"WebSite","@id":"https:\/\/pharmaciereunion.fr\/#website","url":"https:\/\/pharmaciereunion.fr\/","name":"Pharmacie de L'Est | Saint-Beno\u00eet La R\u00e9union","description":"Pharmacie en ligne de La Reunion","publisher":{"@id":"https:\/\/pharmaciereunion.fr\/#organization"},"potentialAction":[{"@type":"SearchAction","target":{"@type":"EntryPoint","urlTemplate":"https:\/\/pharmaciereunion.fr\/?s={search_term_string}"},"query-input":{"@type":"PropertyValueSpecification","valueRequired":true,"valueName":"search_term_string"}}],"inLanguage":"fr-FR"},{"@type":"Organization","@id":"https:\/\/pharmaciereunion.fr\/#organization","name":"Pharmacie de L'Est | Saint-Beno\u00eet La R\u00e9union","url":"https:\/\/pharmaciereunion.fr\/","logo":{"@type":"ImageObject","inLanguage":"fr-FR","@id":"https:\/\/pharmaciereunion.fr\/#\/schema\/logo\/image\/","url":"https:\/\/pharmaciereunion.fr\/wp-content\/uploads\/2026\/04\/cropped-logo-page-recherche-site.png","contentUrl":"https:\/\/pharmaciereunion.fr\/wp-content\/uploads\/2026\/04\/cropped-logo-page-recherche-site.png","width":512,"height":512,"caption":"Pharmacie de L'Est | Saint-Beno\u00eet La R\u00e9union"},"image":{"@id":"https:\/\/pharmaciereunion.fr\/#\/schema\/logo\/image\/"},"sameAs":["https:\/\/www.facebook.com\/pharmaciedelest974","https:\/\/www.instagram.com\/pharmacie.delest\/"]}]}},"_links":{"self":[{"href":"https:\/\/pharmaciereunion.fr\/index.php\/wp-json\/wp\/v2\/pages\/3058","targetHints":{"allow":["GET"]}}],"collection":[{"href":"https:\/\/pharmaciereunion.fr\/index.php\/wp-json\/wp\/v2\/pages"}],"about":[{"href":"https:\/\/pharmaciereunion.fr\/index.php\/wp-json\/wp\/v2\/types\/page"}],"author":[{"embeddable":true,"href":"https:\/\/pharmaciereunion.fr\/index.php\/wp-json\/wp\/v2\/users\/1"}],"replies":[{"embeddable":true,"href":"https:\/\/pharmaciereunion.fr\/index.php\/wp-json\/wp\/v2\/comments?post=3058"}],"version-history":[{"count":11,"href":"https:\/\/pharmaciereunion.fr\/index.php\/wp-json\/wp\/v2\/pages\/3058\/revisions"}],"predecessor-version":[{"id":3239,"href":"https:\/\/pharmaciereunion.fr\/index.php\/wp-json\/wp\/v2\/pages\/3058\/revisions\/3239"}],"wp:attachment":[{"href":"https:\/\/pharmaciereunion.fr\/index.php\/wp-json\/wp\/v2\/media?parent=3058"}],"curies":[{"name":"wp","href":"https:\/\/api.w.org\/{rel}","templated":true}]}}

<div class="wp-block-cover alignfull is-light has-custom-content-position is-position-bottom-center has-border-color" style="border-color:#ffffff;border-width:11px;border-top-left-radius:25px;border-top-right-radius:25px;border-bottom-left-radius:25px;border-bottom-right-radius:25px;margin-top:0;margin-bottom:0;padding-top:109px;padding-bottom:109px;min-height:213px;aspect-ratio:unset;"><span aria-hidden="true" class="wp-block-cover__background has-background-dim-90 has-background-dim" style="background-color:#f5f5f5"></span><div class="wp-block-cover__inner-container has-global-padding is-layout-constrained wp-container-core-cover-is-layout-b591e6f4 wp-block-cover-is-layout-constrained">
<h1 class="wp-block-heading has-text-align-center has-text-color" style="color:#272d28;font-size:clamp(25.5px, 1.594rem + ((1vw - 3.2px) * 1.989), 43px);font-style:normal;font-weight:700;line-height:1">Dentistes de Garde</h1>



<p class="has-text-align-center has-text-color" style="color:#44a97f;font-size:11px;text-transform:uppercase"><strong>Trouv&rsquo; out dentiste de garde terla !</strong></p>
</div></div>



<div class="wp-block-cover alignfull has-border-color has-text-color" style="border-color:#ffffff;border-width:10px;border-top-left-radius:36px;border-top-right-radius:36px;border-bottom-left-radius:36px;border-bottom-right-radius:36px;color:#12418d;margin-top:var(--wp--preset--spacing--40);margin-bottom:var(--wp--preset--spacing--40);padding-top:25px;padding-bottom:25px;min-height:75px;aspect-ratio:unset;"><span aria-hidden="true" class="wp-block-cover__background has-background-dim-100 has-background-dim" style="background-color:#128c7c"></span><div class="wp-block-cover__inner-container has-global-padding is-layout-constrained wp-container-core-cover-is-layout-e8d988bc wp-block-cover-is-layout-constrained">
<div class="wp-block-columns is-layout-flex wp-container-core-columns-is-layout-dc29f449 wp-block-columns-is-layout-flex" style="margin-top:0;margin-bottom:0">
<div class="wp-block-column is-vertically-aligned-center is-layout-flow wp-block-column-is-layout-flow" style="padding-top:0px;padding-right:0;padding-bottom:0px;padding-left:0">
<h2 class="wp-block-heading has-text-align-center has-text-color has-link-color wp-elements-074e96b3ff199335c23d2357ca8ff968" style="color:#ffffff;margin-right:0px;font-size:clamp(18.959px, 1.185rem + ((1vw - 3.2px) * 1.255), 30px);font-style:normal;font-weight:500;line-height:1">Dentistes de Garde</h2>



<p class="has-text-align-center has-text-color" style="color:#ffffff;margin-top:28px;margin-right:0px;font-size:clamp(14.082px, 0.88rem + ((1vw - 3.2px) * 0.786), 21px);line-height:1.4">En cas d’urgence dentaire en dehors des horaires d’ouverture habituels, un service de dentiste de garde peut être sollicité pour prendre en charge les douleurs et soins urgents (douleur intense, infection, abcès, traumatisme dentaire).</p>



<p class="has-text-align-center has-text-color" style="color:#ffffff;margin-top:28px;margin-right:0px;font-size:clamp(14.082px, 0.88rem + ((1vw - 3.2px) * 0.786), 21px);line-height:1.4">Pour connaître le dentiste de garde disponible et être orienté vers la bonne prise en charge, il est nécessaire de contacter le service de régulation<strong>.</strong></p>



<p class="has-text-align-center has-text-color" style="color:#ffffff;margin-top:28px;margin-right:0px;margin-bottom:var(--wp--preset--spacing--30);font-size:clamp(14.082px, 0.88rem + ((1vw - 3.2px) * 0.786), 21px);line-height:1.4"><strong>Pour toute urgence dentaire :<br></strong></p>



<div class="wp-block-buttons is-content-justification-center is-layout-flex wp-container-core-buttons-is-layout-457817ba wp-block-buttons-is-layout-flex" style="margin-top:0px">
<div class="wp-block-button is-style-fill"><a class="wp-block-button__link has-text-color has-background has-custom-font-size wp-element-button" href="tel:15" style="border-top-left-radius:100px;border-top-right-radius:100px;border-bottom-left-radius:100px;border-bottom-right-radius:100px;color:#12418d;background-color:#ffffff;padding-top:17px;padding-right:48px;padding-bottom:17px;padding-left:48px;font-size:clamp(14px, 0.875rem + ((1vw - 3.2px) * 0.568), 19px);font-style:normal;font-weight:700">Appelez le 15 ( SAMU )</a></div>
</div>
</div>
</div>
</div></div>

<!-- This site is optimized with the Yoast SEO plugin v27.5 - https://yoast.com/product/yoast-seo-wordpress/ -->
<title>Dentiste de garde à La Réunion 974</title>
<meta name="description" content="Quel est le dentiste de garde le dimanche sur l&#039;île de La Réunion (974) ? La Pharmacie de L&#039;Est vous informe" />
<meta name="robots" content="index, follow, max-snippet:-1, max-image-preview:large, max-video-preview:-1" />
<link rel="canonical" href="https://pharmaciereunion.fr/index.php/dentiste-garde/" />
<meta property="og:locale" content="fr_FR" />
<meta property="og:type" content="article" />
<meta property="og:title" content="Dentiste de garde à La Réunion 974" />
<meta property="og:description" content="Quel est le dentiste de garde le dimanche sur l&#039;île de La Réunion (974) ? La Pharmacie de L&#039;Est vous informe" />
<meta property="og:url" content="https://pharmaciereunion.fr/index.php/dentiste-garde/" />
<meta property="og:site_name" content="Pharmacie de L&#039;Est" />
<meta property="article:publisher" content="https://www.facebook.com/pharmaciedelest974" />
<meta property="article:modified_time" content="2026-04-23T13:12:22+00:00" />
<meta name="twitter:card" content="summary_large_image" />
<meta name="twitter:label1" content="Durée de lecture estimée" />
	<meta name="twitter:data1" content="1 minute" />
<script type="application/ld+json" class="yoast-schema-graph">{"@context":"https:\/\/schema.org","@graph":[{"@type":"WebPage","@id":"https:\/\/pharmaciereunion.fr\/index.php\/dentiste-garde\/","url":"https:\/\/pharmaciereunion.fr\/index.php\/dentiste-garde\/","name":"Dentiste de garde à La Réunion 974","isPartOf":{"@id":"https:\/\/pharmaciereunion.fr\/#website"},"datePublished":"2026-04-22T10:57:09+00:00","dateModified":"2026-04-23T13:12:22+00:00","description":"Quel est le dentiste de garde le dimanche sur l'île de La Réunion (974) ? La Pharmacie de L'Est vous informe","breadcrumb":{"@id":"https:\/\/pharmaciereunion.fr\/index.php\/dentiste-garde\/#breadcrumb"},"inLanguage":"fr-FR","potentialAction":[{"@type":"ReadAction","target":["https:\/\/pharmaciereunion.fr\/index.php\/dentiste-garde\/"]}]},{"@type":"BreadcrumbList","@id":"https:\/\/pharmaciereunion.fr\/index.php\/dentiste-garde\/#breadcrumb","itemListElement":[{"@type":"ListItem","position":1,"name":"Accueil","item":"https:\/\/pharmaciereunion.fr\/"},{"@type":"ListItem","position":2,"name":"Garde. Dentiste de Garde"}]},{"@type":"WebSite","@id":"https:\/\/pharmaciereunion.fr\/#website","url":"https:\/\/pharmaciereunion.fr\/","name":"Pharmacie de L'Est | Saint-Benoît La Réunion","description":"Pharmacie en ligne de La Reunion","publisher":{"@id":"https:\/\/pharmaciereunion.fr\/#organization"},"potentialAction":[{"@type":"SearchAction","target":{"@type":"EntryPoint","urlTemplate":"https:\/\/pharmaciereunion.fr\/?s={search_term_string}"},"query-input":{"@type":"PropertyValueSpecification","valueRequired":true,"valueName":"search_term_string"}}],"inLanguage":"fr-FR"},{"@type":"Organization","@id":"https:\/\/pharmaciereunion.fr\/#organization","name":"Pharmacie de L'Est | Saint-Benoît La Réunion","url":"https:\/\/pharmaciereunion.fr\/","logo":{"@type":"ImageObject","inLanguage":"fr-FR","@id":"https:\/\/pharmaciereunion.fr\/#\/schema\/logo\/image\/","url":"https:\/\/pharmaciereunion.fr\/wp-content\/uploads\/2026\/04\/cropped-logo-page-recherche-site.png","contentUrl":"https:\/\/pharmaciereunion.fr\/wp-content\/uploads\/2026\/04\/cropped-logo-page-recherche-site.png","width":512,"height":512,"caption":"Pharmacie de L'Est | Saint-Benoît La Réunion"},"image":{"@id":"https:\/\/pharmaciereunion.fr\/#\/schema\/logo\/image\/"},"sameAs":["https:\/\/www.facebook.com\/pharmaciedelest974","https:\/\/www.instagram.com\/pharmacie.delest\/"]}]}</script>
<!-- / Yoast SEO plugin. -->

Dentiste de garde à La Réunion 974

Quel est le dentiste de garde le dimanche sur l'île de La Réunion (974) ? La Pharmacie de L'Est vous informe

Pharmacie de L'Est | Saint-Benoît La Réunion
