{"id":2202,"date":"2026-03-25T11:05:49","date_gmt":"2026-03-25T07:05:49","guid":{"rendered":"http:\/\/pharmaciereunion.fr\/?post_type=product&#038;p=2202"},"modified":"2026-03-25T11:39:11","modified_gmt":"2026-03-25T07:39:11","slug":"arkopharma-azinc-vitalite-complement-alimentaire-multivitamines-et-mineraux","status":"publish","type":"product","link":"https:\/\/pharmaciereunion.fr\/index.php\/product\/arkopharma-azinc-vitalite-complement-alimentaire-multivitamines-et-mineraux\/","title":{"rendered":"ArkoPharma Azinc vitalit\u00e9"},"content":{"rendered":"<p data-start=\"140\" data-end=\"357\"><strong>Azinc Vitalit\u00e9 du laboratoire <span class=\"hover:entity-accent entity-underline inline cursor-pointer align-baseline\"><span class=\"whitespace-normal\">Arkopharma<\/span><\/span> est un compl\u00e9ment alimentaire complet associant vitamines, min\u00e9raux et oligo-\u00e9l\u00e9ments essentiels pour soutenir l\u2019\u00e9nergie et la vitalit\u00e9 au quotidien.<\/strong><\/p>\n<p data-start=\"359\" data-end=\"617\">Sa formule contribue \u00e0 r\u00e9duire la fatigue, \u00e0 soutenir les d\u00e9fenses naturelles et \u00e0 accompagner les performances physiques et mentales.<\/p>\n<p data-start=\"359\" data-end=\"617\">Elle est particuli\u00e8rement adapt\u00e9e en p\u00e9riode de baisse de forme, de stress, de surmenage ou lors des changements de saison.<\/p>\n<p data-start=\"619\" data-end=\"876\">Ce compl\u00e9ment se pr\u00e9sente sous forme de g\u00e9lules faciles \u00e0 int\u00e9grer dans une routine quotidienne.<\/p>\n<p data-start=\"619\" data-end=\"876\">Il est disponible en <strong>cure de 1 mois (60 g\u00e9lules)<\/strong> ou en <strong>cure de 2 mois (120 g\u00e9lules)<\/strong>, permettant d\u2019adapter la dur\u00e9e selon les besoins et les objectifs de chacun.<\/p>\n","protected":false},"excerpt":{"rendered":"<p>Compl\u00e9ment multivitamines et min\u00e9raux qui aide \u00e0 r\u00e9duire la fatigue et \u00e0 soutenir la vitalit\u00e9, les d\u00e9fenses naturelles et l\u2019\u00e9nergie au quotidien.<\/p>\n","protected":false},"featured_media":2203,"comment_status":"open","ping_status":"closed","template":"","meta":[],"product_brand":[],"product_cat":[16],"product_tag":[],"class_list":{"0":"post-2202","1":"product","2":"type-product","3":"status-publish","4":"has-post-thumbnail","6":"product_cat-uncategorized","8":"first","9":"instock","10":"sale","11":"shipping-taxable","12":"purchasable","13":"product-type-variable","14":"has-default-attributes"},"yoast_head":"<!-- This site is optimized with the Yoast SEO plugin v27.3 - https:\/\/yoast.com\/product\/yoast-seo-wordpress\/ -->\n<title>ArkoPharma Azinc vitalit\u00e9 - Pharmacie de L&#039;Est<\/title>\n<meta name=\"robots\" content=\"index, follow, max-snippet:-1, max-image-preview:large, max-video-preview:-1\" \/>\n<link rel=\"canonical\" href=\"https:\/\/pharmaciereunion.fr\/index.php\/product\/arkopharma-azinc-vitalite-complement-alimentaire-multivitamines-et-mineraux\/\" \/>\n<meta property=\"og:locale\" content=\"fr_FR\" \/>\n<meta property=\"og:type\" content=\"article\" \/>\n<meta property=\"og:title\" content=\"ArkoPharma Azinc vitalit\u00e9 - Pharmacie de L&#039;Est\" \/>\n<meta property=\"og:description\" content=\"Compl\u00e9ment multivitamines et min\u00e9raux qui aide \u00e0 r\u00e9duire la fatigue et \u00e0 soutenir la vitalit\u00e9, les d\u00e9fenses naturelles et l\u2019\u00e9nergie au quotidien.\" \/>\n<meta property=\"og:url\" content=\"https:\/\/pharmaciereunion.fr\/index.php\/product\/arkopharma-azinc-vitalite-complement-alimentaire-multivitamines-et-mineraux\/\" \/>\n<meta property=\"og:site_name\" content=\"Pharmacie de L&#039;Est\" \/>\n<meta property=\"article:publisher\" content=\"https:\/\/www.facebook.com\/pharmaciedelest974\" \/>\n<meta property=\"article:modified_time\" content=\"2026-03-25T07:39:11+00:00\" \/>\n<meta property=\"og:image\" content=\"https:\/\/pharmaciereunion.fr\/wp-content\/uploads\/2026\/03\/Pharmacie-en-ligne-974-9.png\" \/>\n\t<meta property=\"og:image:width\" content=\"1000\" \/>\n\t<meta property=\"og:image:height\" content=\"1000\" \/>\n\t<meta property=\"og:image:type\" content=\"image\/png\" \/>\n<meta name=\"twitter:card\" content=\"summary_large_image\" \/>\n<meta name=\"twitter:label1\" content=\"Dur\u00e9e de lecture estim\u00e9e\" \/>\n\t<meta name=\"twitter:data1\" content=\"1 minute\" \/>\n<script type=\"application\/ld+json\" class=\"yoast-schema-graph\">{\"@context\":\"https:\\\/\\\/schema.org\",\"@graph\":[{\"@type\":\"WebPage\",\"@id\":\"https:\\\/\\\/pharmaciereunion.fr\\\/index.php\\\/product\\\/arkopharma-azinc-vitalite-complement-alimentaire-multivitamines-et-mineraux\\\/\",\"url\":\"https:\\\/\\\/pharmaciereunion.fr\\\/index.php\\\/product\\\/arkopharma-azinc-vitalite-complement-alimentaire-multivitamines-et-mineraux\\\/\",\"name\":\"ArkoPharma Azinc vitalit\u00e9 - Pharmacie de L&#039;Est\",\"isPartOf\":{\"@id\":\"https:\\\/\\\/pharmaciereunion.fr\\\/#website\"},\"primaryImageOfPage\":{\"@id\":\"https:\\\/\\\/pharmaciereunion.fr\\\/index.php\\\/product\\\/arkopharma-azinc-vitalite-complement-alimentaire-multivitamines-et-mineraux\\\/#primaryimage\"},\"image\":{\"@id\":\"https:\\\/\\\/pharmaciereunion.fr\\\/index.php\\\/product\\\/arkopharma-azinc-vitalite-complement-alimentaire-multivitamines-et-mineraux\\\/#primaryimage\"},\"thumbnailUrl\":\"https:\\\/\\\/pharmaciereunion.fr\\\/wp-content\\\/uploads\\\/2026\\\/03\\\/Pharmacie-en-ligne-974-9.png\",\"datePublished\":\"2026-03-25T07:05:49+00:00\",\"dateModified\":\"2026-03-25T07:39:11+00:00\",\"breadcrumb\":{\"@id\":\"https:\\\/\\\/pharmaciereunion.fr\\\/index.php\\\/product\\\/arkopharma-azinc-vitalite-complement-alimentaire-multivitamines-et-mineraux\\\/#breadcrumb\"},\"inLanguage\":\"fr-FR\",\"potentialAction\":[{\"@type\":\"ReadAction\",\"target\":[\"https:\\\/\\\/pharmaciereunion.fr\\\/index.php\\\/product\\\/arkopharma-azinc-vitalite-complement-alimentaire-multivitamines-et-mineraux\\\/\"]}]},{\"@type\":\"ImageObject\",\"inLanguage\":\"fr-FR\",\"@id\":\"https:\\\/\\\/pharmaciereunion.fr\\\/index.php\\\/product\\\/arkopharma-azinc-vitalite-complement-alimentaire-multivitamines-et-mineraux\\\/#primaryimage\",\"url\":\"https:\\\/\\\/pharmaciereunion.fr\\\/wp-content\\\/uploads\\\/2026\\\/03\\\/Pharmacie-en-ligne-974-9.png\",\"contentUrl\":\"https:\\\/\\\/pharmaciereunion.fr\\\/wp-content\\\/uploads\\\/2026\\\/03\\\/Pharmacie-en-ligne-974-9.png\",\"width\":1000,\"height\":1000},{\"@type\":\"BreadcrumbList\",\"@id\":\"https:\\\/\\\/pharmaciereunion.fr\\\/index.php\\\/product\\\/arkopharma-azinc-vitalite-complement-alimentaire-multivitamines-et-mineraux\\\/#breadcrumb\",\"itemListElement\":[{\"@type\":\"ListItem\",\"position\":1,\"name\":\"Accueil\",\"item\":\"https:\\\/\\\/pharmaciereunion.fr\\\/\"},{\"@type\":\"ListItem\",\"position\":2,\"name\":\"Produits\",\"item\":\"https:\\\/\\\/pharmaciereunion.fr\\\/index.php\\\/shop\\\/\"},{\"@type\":\"ListItem\",\"position\":3,\"name\":\"ArkoPharma Azinc vitalit\u00e9\"}]},{\"@type\":\"WebSite\",\"@id\":\"https:\\\/\\\/pharmaciereunion.fr\\\/#website\",\"url\":\"https:\\\/\\\/pharmaciereunion.fr\\\/\",\"name\":\"Pharmacie de L'Est | Saint-Beno\u00eet La R\u00e9union\",\"description\":\"Pharmacie en ligne de La Reunion\",\"publisher\":{\"@id\":\"https:\\\/\\\/pharmaciereunion.fr\\\/#organization\"},\"potentialAction\":[{\"@type\":\"SearchAction\",\"target\":{\"@type\":\"EntryPoint\",\"urlTemplate\":\"https:\\\/\\\/pharmaciereunion.fr\\\/?s={search_term_string}\"},\"query-input\":{\"@type\":\"PropertyValueSpecification\",\"valueRequired\":true,\"valueName\":\"search_term_string\"}}],\"inLanguage\":\"fr-FR\"},{\"@type\":\"Organization\",\"@id\":\"https:\\\/\\\/pharmaciereunion.fr\\\/#organization\",\"name\":\"Pharmacie de L'Est | Saint-Beno\u00eet La R\u00e9union\",\"url\":\"https:\\\/\\\/pharmaciereunion.fr\\\/\",\"logo\":{\"@type\":\"ImageObject\",\"inLanguage\":\"fr-FR\",\"@id\":\"https:\\\/\\\/pharmaciereunion.fr\\\/#\\\/schema\\\/logo\\\/image\\\/\",\"url\":\"https:\\\/\\\/pharmaciereunion.fr\\\/wp-content\\\/uploads\\\/2026\\\/04\\\/cropped-logo-page-recherche-site.png\",\"contentUrl\":\"https:\\\/\\\/pharmaciereunion.fr\\\/wp-content\\\/uploads\\\/2026\\\/04\\\/cropped-logo-page-recherche-site.png\",\"width\":512,\"height\":512,\"caption\":\"Pharmacie de L'Est | Saint-Beno\u00eet La R\u00e9union\"},\"image\":{\"@id\":\"https:\\\/\\\/pharmaciereunion.fr\\\/#\\\/schema\\\/logo\\\/image\\\/\"},\"sameAs\":[\"https:\\\/\\\/www.facebook.com\\\/pharmaciedelest974\",\"https:\\\/\\\/www.instagram.com\\\/pharmacie.delest\\\/\"]}]}<\/script>\n<!-- \/ Yoast SEO plugin. -->","yoast_head_json":{"title":"ArkoPharma Azinc vitalit\u00e9 - Pharmacie de L&#039;Est","robots":{"index":"index","follow":"follow","max-snippet":"max-snippet:-1","max-image-preview":"max-image-preview:large","max-video-preview":"max-video-preview:-1"},"canonical":"https:\/\/pharmaciereunion.fr\/index.php\/product\/arkopharma-azinc-vitalite-complement-alimentaire-multivitamines-et-mineraux\/","og_locale":"fr_FR","og_type":"article","og_title":"ArkoPharma Azinc vitalit\u00e9 - Pharmacie de L&#039;Est","og_description":"Compl\u00e9ment multivitamines et min\u00e9raux qui aide \u00e0 r\u00e9duire la fatigue et \u00e0 soutenir la vitalit\u00e9, les d\u00e9fenses naturelles et l\u2019\u00e9nergie au quotidien.","og_url":"https:\/\/pharmaciereunion.fr\/index.php\/product\/arkopharma-azinc-vitalite-complement-alimentaire-multivitamines-et-mineraux\/","og_site_name":"Pharmacie de L&#039;Est","article_publisher":"https:\/\/www.facebook.com\/pharmaciedelest974","article_modified_time":"2026-03-25T07:39:11+00:00","og_image":[{"width":1000,"height":1000,"url":"https:\/\/pharmaciereunion.fr\/wp-content\/uploads\/2026\/03\/Pharmacie-en-ligne-974-9.png","type":"image\/png"}],"twitter_card":"summary_large_image","twitter_misc":{"Dur\u00e9e de lecture estim\u00e9e":"1 minute"},"schema":{"@context":"https:\/\/schema.org","@graph":[{"@type":"WebPage","@id":"https:\/\/pharmaciereunion.fr\/index.php\/product\/arkopharma-azinc-vitalite-complement-alimentaire-multivitamines-et-mineraux\/","url":"https:\/\/pharmaciereunion.fr\/index.php\/product\/arkopharma-azinc-vitalite-complement-alimentaire-multivitamines-et-mineraux\/","name":"ArkoPharma Azinc vitalit\u00e9 - Pharmacie de L&#039;Est","isPartOf":{"@id":"https:\/\/pharmaciereunion.fr\/#website"},"primaryImageOfPage":{"@id":"https:\/\/pharmaciereunion.fr\/index.php\/product\/arkopharma-azinc-vitalite-complement-alimentaire-multivitamines-et-mineraux\/#primaryimage"},"image":{"@id":"https:\/\/pharmaciereunion.fr\/index.php\/product\/arkopharma-azinc-vitalite-complement-alimentaire-multivitamines-et-mineraux\/#primaryimage"},"thumbnailUrl":"https:\/\/pharmaciereunion.fr\/wp-content\/uploads\/2026\/03\/Pharmacie-en-ligne-974-9.png","datePublished":"2026-03-25T07:05:49+00:00","dateModified":"2026-03-25T07:39:11+00:00","breadcrumb":{"@id":"https:\/\/pharmaciereunion.fr\/index.php\/product\/arkopharma-azinc-vitalite-complement-alimentaire-multivitamines-et-mineraux\/#breadcrumb"},"inLanguage":"fr-FR","potentialAction":[{"@type":"ReadAction","target":["https:\/\/pharmaciereunion.fr\/index.php\/product\/arkopharma-azinc-vitalite-complement-alimentaire-multivitamines-et-mineraux\/"]}]},{"@type":"ImageObject","inLanguage":"fr-FR","@id":"https:\/\/pharmaciereunion.fr\/index.php\/product\/arkopharma-azinc-vitalite-complement-alimentaire-multivitamines-et-mineraux\/#primaryimage","url":"https:\/\/pharmaciereunion.fr\/wp-content\/uploads\/2026\/03\/Pharmacie-en-ligne-974-9.png","contentUrl":"https:\/\/pharmaciereunion.fr\/wp-content\/uploads\/2026\/03\/Pharmacie-en-ligne-974-9.png","width":1000,"height":1000},{"@type":"BreadcrumbList","@id":"https:\/\/pharmaciereunion.fr\/index.php\/product\/arkopharma-azinc-vitalite-complement-alimentaire-multivitamines-et-mineraux\/#breadcrumb","itemListElement":[{"@type":"ListItem","position":1,"name":"Accueil","item":"https:\/\/pharmaciereunion.fr\/"},{"@type":"ListItem","position":2,"name":"Produits","item":"https:\/\/pharmaciereunion.fr\/index.php\/shop\/"},{"@type":"ListItem","position":3,"name":"ArkoPharma Azinc vitalit\u00e9"}]},{"@type":"WebSite","@id":"https:\/\/pharmaciereunion.fr\/#website","url":"https:\/\/pharmaciereunion.fr\/","name":"Pharmacie de L'Est | Saint-Beno\u00eet La R\u00e9union","description":"Pharmacie en ligne de La Reunion","publisher":{"@id":"https:\/\/pharmaciereunion.fr\/#organization"},"potentialAction":[{"@type":"SearchAction","target":{"@type":"EntryPoint","urlTemplate":"https:\/\/pharmaciereunion.fr\/?s={search_term_string}"},"query-input":{"@type":"PropertyValueSpecification","valueRequired":true,"valueName":"search_term_string"}}],"inLanguage":"fr-FR"},{"@type":"Organization","@id":"https:\/\/pharmaciereunion.fr\/#organization","name":"Pharmacie de L'Est | Saint-Beno\u00eet La R\u00e9union","url":"https:\/\/pharmaciereunion.fr\/","logo":{"@type":"ImageObject","inLanguage":"fr-FR","@id":"https:\/\/pharmaciereunion.fr\/#\/schema\/logo\/image\/","url":"https:\/\/pharmaciereunion.fr\/wp-content\/uploads\/2026\/04\/cropped-logo-page-recherche-site.png","contentUrl":"https:\/\/pharmaciereunion.fr\/wp-content\/uploads\/2026\/04\/cropped-logo-page-recherche-site.png","width":512,"height":512,"caption":"Pharmacie de L'Est | Saint-Beno\u00eet La R\u00e9union"},"image":{"@id":"https:\/\/pharmaciereunion.fr\/#\/schema\/logo\/image\/"},"sameAs":["https:\/\/www.facebook.com\/pharmaciedelest974","https:\/\/www.instagram.com\/pharmacie.delest\/"]}]}},"jetpack_sharing_enabled":true,"_links":{"self":[{"href":"https:\/\/pharmaciereunion.fr\/index.php\/wp-json\/wp\/v2\/product\/2202","targetHints":{"allow":["GET"]}}],"collection":[{"href":"https:\/\/pharmaciereunion.fr\/index.php\/wp-json\/wp\/v2\/product"}],"about":[{"href":"https:\/\/pharmaciereunion.fr\/index.php\/wp-json\/wp\/v2\/types\/product"}],"replies":[{"embeddable":true,"href":"https:\/\/pharmaciereunion.fr\/index.php\/wp-json\/wp\/v2\/comments?post=2202"}],"wp:featuredmedia":[{"embeddable":true,"href":"https:\/\/pharmaciereunion.fr\/index.php\/wp-json\/wp\/v2\/media\/2203"}],"wp:attachment":[{"href":"https:\/\/pharmaciereunion.fr\/index.php\/wp-json\/wp\/v2\/media?parent=2202"}],"wp:term":[{"taxonomy":"product_brand","embeddable":true,"href":"https:\/\/pharmaciereunion.fr\/index.php\/wp-json\/wp\/v2\/product_brand?post=2202"},{"taxonomy":"product_cat","embeddable":true,"href":"https:\/\/pharmaciereunion.fr\/index.php\/wp-json\/wp\/v2\/product_cat?post=2202"},{"taxonomy":"product_tag","embeddable":true,"href":"https:\/\/pharmaciereunion.fr\/index.php\/wp-json\/wp\/v2\/product_tag?post=2202"}],"curies":[{"name":"wp","href":"https:\/\/api.w.org\/{rel}","templated":true}]}}